f 23*z + 1/2*z**3 - 77/2*z**2 + 0. Let u(o) = 8*h(o) - 3*j(o). What is u(0)?
23
Let d be ((-6)/8)/((-6)/(-21) + (-116)/112). Let n(f) = 39*f - 31. Calculate n(d).
8
Let y(d) = d**3 - 34*d**2 - 47*d - 189. Let r(m) = m**3 - 31*m**2 - 48*m - 190. Let u(z) = 4*r(z) - 5*y(z). Calculate u(47).
-3
Let g(a) = a**3 + 11*a**2 + 6*a + 8. Let l be ((-2*1/(-2))/1)/(19/(-114)). Calculate g(l).
152
Let q(i) = -2*i**2 - 10*i - 7. Let x(o) = -o**2 + 5*o + 5. Let w be x(4). Let d = w - 7. Let n(r) = 2*r**2 + 9*r + 6. Let m(a) = d*q(a) + 3*n(a). Give m(-4).
8
Suppose -18*x - 158 = 40. Let r(d) = d + 12. Give r(x).
1
Let k(v) be the second derivative of v**8/6720 + v**7/840 - 7*v**6/720 - v**5/30 - v**4/4 - 45*v. Let u(b) be the third derivative of k(b). Calculate u(-5).
-19
Let q be 21*56/2940 - -23*2/10. Let f(z) = -23*z + 109. Give f(q).
-6
Let v(r) = -r**3 - 9*r**2 + 3*r - 5. Let i be (-6)/(-45) + (-817)/(-285). Suppose 0 = 4*s + 4*p + 44, -10*p + i = -s - 7*p. Calculate v(s).
-32
Let g(r) = -3*r**2 + r + 1. Let y(o) be the second derivative of -4*o**3/3 - 31*o**2 - 15*o - 5. Let w be y(-8). Determine g(w).
-9
Suppose 44*z - 179 = -47. Let a(v) be the first derivative of 1/3*v**z + 12 - 1/2*v**2 + 0*v. Determine a(0).
0
Let i(t) = t**2 - 2*t - 1. Suppose -516 = -10*o + 22*o. Let n = o - -42. What is i(n)?
2
Let z(v) = 0*v + 223*v**2 - 155*v**2 - 125*v**2 - 38 + 6*v. Let h(j) = -20*j**2 + 2*j - 13. Let m(q) = -17*h(q) + 6*z(q). Calculate m(5).
-47
Let o(j) = 5*j. Let w(t) = t**3 - 25*t**2 + 20*t - 52. Let d be w(24). Let s = 145 + d. What is o(s)?
-15
Let j(h) be the second derivative of 0 + 31*h + 4/3*h**3 - 3*h**2 + 1/12*h**4. Let r = -6 - 2. Give j(r).
-6
Let c(g) be the first derivative of -g**3/3 - g**2/2 + 40*g - 677. Give c(0).
40
Let i(k) = -12*k + 92. Let f be (-14)/2*((89 - 101) + 150/14). Calculate i(f).
-16
Let q(x) = x**3 - 8*x**2 + x - 3. Suppose 0 = -h + 78 - 19. Let s be h + 1*12/(0 + -4). Let y = -48 + s. Determine q(y).
5
Let t(k) = -70*k + 56*k + 48 + 19*k. Determine t(-14).
-22
Suppose 46*n - 52*n + 780 = 0. Let t be 4/(-20) + n/25. Let b(x) = -x**2 - 2*x + 1. Calculate b(t).
-34
Let t(g) = 3*g**2 - 2*g - 28. Let x(k) = -2*k**2 + 3*k + 28. Let m(c) = 3*t(c) + 4*x(c). Let a(v) be the first derivative of m(v). What is a(-3)?
0
Suppose -4*k = -k. Suppose 5*o + 0 + 9 = -2*t, 4*o - 4*t + 24 = k. Let h(v) = -754 - 3*v**3 - 3*v**2 - 2*v + 751 + 2*v**3. Calculate h(o).
3
Let z be (1192/(-32))/(2 - 27/12). Let p(j) = -3 - 296*j + z*j + 148*j - 7. Determine p(6).
-4
Suppose -3*p = 14*p. Suppose p = -159*x + 162*x - 27. Let h(o) = -o**3 + 10*o**2 - 9*o + 5. Determine h(x).
5
Let q be ((-24)/16)/(10/12*(-30)/(-50)). Let u(a) = 12*a**2 + 4*a + 5. Determine u(q).
101
Let r(q) be the second derivative of -q**5/20 + 5*q**4/6 - 10*q**3/3 - 6*q**2 + 9*q + 45. What is r(4)?
4
Let r(w) = -16*w + 6. Let d(i) = 10*i - 7. Let m(f) = 5*d(f) + 4*r(f). Let g(j) = 17*j + 9. Let x(k) = 5*g(k) + 6*m(k). Give x(18).
-3
Let g(l) = 4*l**3 + l**2 + 7*l - 10. Let d(i) = -5*i**3 + i**2 - 10*i + 10. Let t(b) = -3*d(b) - 4*g(b). Determine t(-6).
-38
Let q(h) = 2. Let p(f) = f. Let b(m) = p(m) + q(m). Let n be ((-234)/65 + 10)/(2/(-5)). Let z be (-28)/8 + n/(-32). Determine b(z).
-1
Let z(n) = -n**2 + 21*n + 14. Let t(d) = d**2 - 4*d + 1. Let v(l) = 2*t(l) - z(l). Determine v(10).
-2
Let a(c) = -8*c**3 - 60*c**2 - 52*c + 9. Let k(f) = -f**3 - 8*f**2 - 7*f + 1. Let m(p) = -2*a(p) + 15*k(p). Let y = 0 - 0. Calculate m(y).
-3
Suppose 25*q - 32 = 9*q. Let y(s) = -s - 1. Let g be y(-3). Let a(t) = 7*t - 7*t + t - g + 1 + q*t**2. Give a(1).
2
Let n(q) be the first derivative of -50 + 1/4*q**4 - 10*q**2 - 29*q - 20/3*q**3. Give n(21).
-8
Let z(s) = s**2 - 2*s - 9. Let u(h) = -h. Let f(d) = -5*u(d) + z(d). Let a be f(-4). Let k(n) = -22*n - 2 - 29*n + 50*n. Calculate k(a).
3
Let d(y) = -5*y - 43. Let r = -150 + 145. What is d(r)?
-18
Let s be 0/(0 - (1 - 2)). Let q(j) = 500449*j - 3 - 250225*j - 250223*j. Calculate q(s).
-3
Let x(d) = d**3 - 4*d + 18*d**2 - 74*d**2 + 3 + 0*d**3 + 48*d**2. Calculate x(6).
-93
Let a(y) be the second derivative of -y**3/2 + 2*y**2 + 12795*y. Determine a(3).
-5
Let x = -229 + 237. Suppose -3*d - 4*n - 23 = 0, 2*d + 4*n + x = -10. Let w(l) = l**3 + 3*l**2 - 3*l - 2. Calculate w(d).
-37
Let t = -15189 - -15201. Let u(p) = p**3 - 11*p**2 - 14*p - 16. Determine u(t).
-40
Suppose -26*f + 24334 = 20*f. Let u = f - 529. Let h(w) = 2*w + 9. Give h(u).
9
Let y(h) = h**2 + 18*h + 51. Suppose -5*v + 8 = -5*u - 22, v + 6 = -u. Determine y(u).
-21
Let l = 13054 + -13050. Let n(d) = -d**3 + 7. Give n(l).
-57
Let o be 3 - (-436)/(4 + -8). Let m = 103 + o. Let l(v) = -v**2 + 0*v**2 - 4 - 2*v + v**3 - 2*v**3. Give l(m).
20
Let p(y) = 6*y**2 + 5*y - 8. Let a(d) = -16*d + 78. Let u be a(5). Let f be p(u). Let h(o) = o**3 - 7*o**2 + 7*o + 3. Determine h(f).
9
Let t(c) = 10*c - 17. Let b = 2801 - 2799. Give t(b).
3
Suppose 0 = 4*k - 59*r + 61*r + 30, -2*k + 13 = 5*r. Let n(v) = -v**3 - 13*v**2 - 22*v - 7. What is n(k)?
-7
Suppose 4*q - 148 = -172. Let x be (q/(-5))/(-1 + (-12)/(-20)). Let y(i) = -i**2 - 2*i. What is y(x)?
-3
Let d(g) be the first derivative of g**5/30 + g**4/24 + g**3/6 - 33*g**2 - 129. Let r(u) be the second derivative of d(u). Determine r(-3).
16
Let t(z) be the third derivative of -z**5/60 - 5*z**4/12 - 3*z**3/2 + 521*z**2. Give t(-6).
15
Let x = 37 - 45. Let o(s) be the first derivative of s**3/3 + 9*s**2/2 - 6*s + 120. Give o(x).
-14
Let w(p) = -p**2 + 11*p - 2. Let l be w(10). Suppose 10 = l*f + 2*f. Let s be (-5 + 5 + f)*(-1 + 6). Let g(c) = -c + 2. Determine g(s).
-3
Let a(q) = q**2 - 49*q + 317. Let c be a(41). Let v(k) = k**2 + 33*k + 234. What is v(c)?
-8
Let l be 12 + -3 - (58 + -5). Let r(v) = -3*v - 145. What is r(l)?
-13
Let a be ((-5)/1)/(-5*4/20). Let z(f) be the first derivative of -4*f + 1/3*f**3 + 14 - 3/2*f**2. Calculate z(a).
6
Let y(o) = -2*o + 62. Let r be y(32). Let u be -6 + 6 + r - -2. Let z(s) be the third derivative of -s**5/60 + 5*s**3/2 + 2*s**2. Calculate z(u).
15
Suppose 5*r - 10 = -3*l, r = 4*r - 4*l - 6. Suppose -c - r*u = 2*c - 658, -c = 4*u - 216. Let p(t) = -223 - 9*t + c + t. Give p(-2).
13
Let d(c) = 100 - 293 + 97 + 15*c - 14*c + 93. Let n(v) = v**2 + 7*v + 3. Let l be n(-6). Give d(l).
-6
Suppose -r - 6*p = -6*r - 22, -4*p = 5*r + 2. Let k(h) = -15*h**2 - 35*h - 3. Calculate k(r).
7
Let h = -68 - -71. Let l(q) = -18*q**h + 17*q**3 - 4*q**2 - q + 3*q**2. Let g = -168 + 168. What is l(g)?
0
Suppose 1023*a - 5*x - 25 = 1022*a, -3*x = -2*a + 22. Let u(q) = -q - 5. Let c be u(-8). Let d(t) = 2*t**c + 2*t**3 - 6*t**2 + 1 + 6*t - 3*t**3. Give d(a).
6
Let r(m) = -m. Suppose 0*z - 21 = -7*z. Suppose l = 3*q - 0*q - 2, -20 = -4*q - z*l. Suppose -2*f = q*f - 3*a + 30, f - 2*a + 10 = 0. Give r(f).
6
Let p(h) = -15*h + 25. Let r be p(0). Let c be 96/(-15) + 10/r. Let l(m) = m + 8. What is l(c)?
2
Let l(k) = 6045 + 6036 - 12068 + 6*k + k. Give l(4).
41
Suppose -219*a = -1330 + 235. Let g(j) = j**3 - 7*j**2 + 11*j - 6. Determine g(a).
-1
Let m(c) = c**3 + 4*c**2 - 2*c - 12. Let p be m(-3). Let y(t) = 2*t + 419 - t**p - 838 + t**2 + 420. Determine y(-1).
1
Let l(t) be the third derivative of t**4/24 + t**3/2 - 126*t**2. Suppose 4 = -4*n - 8. What is l(n)?
0
Let i(j) = 3*j**2 + 18*j + 13. Let n = 7035 + -7041. Calculate i(n).
13
Let l(s) = 8*s - 418 + 246 + 169 - s**2. Give l(-4).
-51
Suppose 0 = -2*d - 6, 20*g - d = 15*g + 13. Let p = 20 - 9. Suppose -3*i - w - 11 = 0, -g + p = -2*i - w. Let m(k) = k**2 + k + 2. What is m(i)?
4
Suppose 2*y - 3 = -7. Suppose -22 = 9*i + 5. Let r(l) = l**2 - 8*l - 4. Let g(m) = -m**2 + 7*m + 3. Let k(c) = i*g(c) + y*r(c). Determine k(6).
5
Let t = 138 + -52. Let r(c) = 9*c**2 + 12*c - 5. Let j be r(-4). Let o = j - t. Let m(k) = k - 3. Calculate m(o).
2
Let u(b) = 438 + 75*b**2 - 3*b - b**3 - 79*b**2 - 445. Calculate u(-4).
5
Suppose -7*j + 46 = -22*j - 29. Let f(x) = -x**3 - 5*x**2 - 6*x - 11. What is f(j)?
19
Let y(f) = -f**2 + 9*f + 12. Let j = -503 + 520. Suppose 0 = -g - 7 + j. Determine y(g).
2
Let q = -8516 - -8511. Let u(a) = -a**2 - 9*a - 26. Determine u(q).
-6
Let d = -6 + 12. Let n(c) be the first derivative of c**7/840 - c**6/60 - 5*c**4/24 - 5*c**3 - 11. Let l(h) be the third derivati